ctors of a?
3, 89
Suppose -2*l = -b + 19, 4*l + 13 = -3*b - 20. What are the prime factors of 3/(l*(-8)/9888)?
2, 103
Suppose -62*c + 339309 = -133937. List the prime factors of c.
17, 449
Let s(i) = -129*i**3 - 12*i**2 - 44*i - 239. List the prime factors of s(-7).
2, 3, 911
Suppose -5*w + 90 - 30 = 0. Suppose -w*j = -10*j - 72. List the prime factors of (j/10)/(6/105).
3, 7
Let t(b) = -7*b + 1301. Let d(z) = -8*z + 1301. Let o(l) = -3*d(l) + 4*t(l). What are the prime factors of o(0)?
1301
Let x = -12906 - -59198. What are the prime factors of x?
2, 71, 163
Suppose 2*q - 87444 = -4*k, 16*q + 131154 = 19*q + 2*k. What are the prime factors of q?
2, 3, 3643
Let s(g) = -g**2 + 18*g + 52. Let p be s(21). Let v(x) = 5*x**2 + 21*x - 18. Let h be v(p). Let q = h + -178. What are the prime factors of q?
2, 89
Suppose 5*o - 134 = 7*o. Let x = o - -70. Suppose -2*z + 93 = -0*z + 5*d, x*z = 3*d + 108. List the prime factors of z.
3, 13
Let u be ((-117)/18)/(-13) - (-50)/(-4). List the prime factors of u/9*3 + 256.
2, 3, 7
Let r be 0 + (-2)/(10/(-25)). Suppose -3*q + r*g - 9*g + 721 = 0, q + g - 240 = 0. What are the prime factors of q?
239
Let f = -318 + 318. Suppose -2*n - 5*l = -50 - 8, -5*n - 5*l + 130 = f. What are the prime factors of n?
2, 3
Let y(a) = 68*a + 33. Let x be y(9). Let n = x + -289. What are the prime factors of n?
2, 89
List the prime factors of (-3)/12 + (-5427)/(-12).
2, 113
Suppose 264 = 10*v - 36. Let a(i) = -2*i**3 + 61*i**2 - 24*i + 33. List the prime factors of a(v).
3, 71
Let z(s) = -85*s + 4. Suppose -13*u = -u - 36. Suppose 14 = w - u*o, 4*w + w - o = 0. List the prime factors of z(w).
89
Let n = -55 + 116. Suppose 28*d - 24*d - 176 = 0. Let p = d + n. List the prime factors of p.
3, 5, 7
Let n(g) = -568*g**2 + 8*g + 3. Let y be n(-2). Let t = y - -3220. What are the prime factors of t?
5, 11, 17
Let l(v) be the second derivative of -v**5/20 + 7*v**4/12 + 5*v**3/6 - 5*v**2 - 459*v. Let x = -4 + 10. What are the prime factors of l(x)?
2, 7
Let n = 37806 + -22255. List the prime factors of n.
15551
Let t(u) = 2*u**3 - 9*u**2 + 4*u + 3. Let o be t(6). Suppose -321 - 262 = 11*q. Let p = q + o. List the prime factors of p.
2, 41
Suppose 68*l - 4*h + 49610 = 70*l, 4*h + 49562 = 2*l. What are the prime factors of l?
24793
Suppose -3*r - r - 28 = -3*m, 3*m = -5*r - 35. Let j be (3 + r - -2) + -10. What are the prime factors of (681/j)/((-2)/8)?
227
Let m be (1 + 15/(-9))*(4 - 7). Suppose m*a + 744 = 4*z, 0*z = 3*z + 2*a - 551. Suppose 2*p + z = 4*n - 105, 5*p + 165 = 2*n. What are the prime factors of n?
2, 5, 7
Suppose 9 = 4*x - 3*f, 0 = 3*x + 2*f + 6. Suppose t - 47 + 30 = x. Suppose -4*s + 143 + t = 3*d, d - 28 = 5*s. List the prime factors of d.
2, 3
Let n(d) be the third derivative of -329*d**4/24 - 5*d**3/2 - d**2 + 27. What are the prime factors of n(-1)?
2, 157
Let o = 26925 - 14121. List the prime factors of o.
2, 3, 11, 97
Suppose -2*c + 0*a + 41 = -a, -4*a = -c + 31. Let y(h) = h**3 + 22*h**2 + 3*h + 46. Let f be y(-22). Let z = c - f. What are the prime factors of z?
3, 13
Let k(v) = 45*v**2 - 3*v - 10. Let w be k(-8). Suppose 2*r = x - 586, 4*r - 3*r = 5*x - w. List the prime factors of x.
2, 17
Suppose -2*y - 11 = -1, -c + 3152 = -4*y. Suppose 21*p - 2685 - c = 0. List the prime factors of p.
277
Suppose -5*f + 360 = -3*b, 7*f - 2*f - 360 = b. Let u = f - 72. Suppose -8*r - 38 + 158 = u. What are the prime factors of r?
3, 5
Suppose -11*g - 1 = -10*g. Let l be (-20)/(g + -2 - (-1 + 0)). Suppose 304 = -6*y + l*y. List the prime factors of y.
2, 19
List the prime factors of (44018/18)/(144/1296).
13, 1693
Let f = -1800 - -7076. List the prime factors of f.
2, 1319
Let k(m) = 214*m - 62. Let b be k(26). Suppose -28638 + b = -24*i. What are the prime factors of i?
2, 241
Suppose -4688*b = -4693*b + 145845. What are the prime factors of b?
3, 7, 463
Let a = -18276 - -31399. What are the prime factors of a?
11, 1193
Let n be 7/(-4) - 378/1512. Let g(b) = b**3 + 6*b**2 + 4*b + 3. Let s be g(-6). List the prime factors of (n*27/s)/((-30)/(-1120)).
2, 3
Let b be (-32)/(-80) + (-1 - 2337/5). Let i = 660 + b. Suppose -4*p + 713 = -0*q - 3*q, -p + i = 2*q. What are the prime factors of p?
2, 7, 13
Let g(c) = -6*c - 62. Let l be g(-6). Let x be 4/l + (-84)/(-39) + 59. Suppose -119 = -2*k + x. List the prime factors of k.
2, 3, 5
Let p be -6*-2*58/8. Let o(y) = 2*y - 1. Let k be o(1). What are the prime factors of (-5 - -3)*k + p?
5, 17
List the prime factors of (-16977)/2*(-1800)/540.
5, 5659
What are the prime factors of (-201 - -7505) + (2 - (-2)/(-1))?
2, 11, 83
Let u(k) be the second derivative of -k**4/12 - k**3 - 13*k**2/2 + 26*k. Let c be u(-5). List the prime factors of 418/18 + -1 + c/36.
2, 11
Let p(h) = 3*h**3 + 11*h**2 + 10*h - 32. Let c(q) = -8*q**3 - 33*q**2 - 32*q + 95. Let l(f) = 4*c(f) + 11*p(f). List the prime factors of l(13).
2, 3, 11
Suppose -4*k = -k + 2*c - 16, 17 = k + 3*c. Suppose -3*i - 10 = k*i, -n + i = -18. Suppose -t + m = -n, t + 4*m = 2*m + 16. List the prime factors of t.
2
Let f be (-3390)/((-5)/4 + 12/48). Let r be f/4*(-20)/(-25). Suppose 0 = 5*s + 5*n - 685, -5*s + n + r = -n. List the prime factors of s.
2, 17
Let h be 108*1*33/6. Let w be (h/(-12))/(1/(-6)). Suppose -78 = -s + 3*g, s + 3*g - w = -3*s. List the prime factors of s.
3, 5
Let f(c) = 85*c**2 - c + 2. Let x be f(-2). Let n(b) = b + 4. Let u be n(3). Suppose -x = -u*i + 230. List the prime factors of i.
2, 41
Suppose i - 334 = 2*q - 11942, i = -3*q + 17402. List the prime factors of q.
2, 3, 967
Suppose -15591 = 13*h - 17. Let t = -512 - h. List the prime factors of t.
2, 7
Let i = -1713 - -9417. Suppose 0 = 21*g - 13*g - i. List the prime factors of g.
3, 107
Suppose 0 = 2*a + r - 45008, 4*r + 107974 + 4507 = 5*a. What are the prime factors of a?
22501
Suppose -6*k - 41*k - 20633 = 0. Let v = k + 534. List the prime factors of v.
5, 19
Suppose -5*y + 4*b = -13487, -2*b - 5537 = 5*y - 19006. What are the prime factors of y?
5, 7, 11
Suppose 0 = 8*d - 318 - 122. Let i = -53 + d. Suppose -310 = -i*k + 216. What are the prime factors of k?
263
Let d(a) = 904*a**2 - 43*a - 3. List the prime factors of d(-3).
2, 3, 17
Let n(h) = h**3 + 8*h**2 + 8*h + 10. Let v be n(-7). Suppose -20 = -p - p + z, -p - 3*z = -v. Suppose p*u - 14*u = -490. What are the prime factors of u?
2, 7
What are the prime factors of -12*(7 - (-2933)/(-3))?
2, 7, 13
Let t(x) = -x + 10. Let g be t(-12). Suppose 64 = -2*h + g. Let y(o) = 2*o + 56. What are the prime factors of y(h)?
2, 7
Suppose 5*c + 42 = 7*c. Suppose -25*n = -c*n - 20. Suppose 0*b - n*b - 11 = -l, -98 = -4*l + 2*b. What are the prime factors of l?
2, 13
Let y = 75103 + -48664. List the prime factors of y.
3, 7, 1259
Suppose -20 = -4*n + 5*z, 0 = -5*n - 13*z + 9*z - 16. Suppose n = 26*j - 1489 - 1813. List the prime factors of j.
127
Suppose 1064 = 28*z - 0*z. Suppose -z*b - 928 = -v - 36*b, 3*b = 6. What are the prime factors of v?
2, 233
List the prime factors of 81407/762*45/2*40/2.
3, 5, 641
Let z(n) = 654*n**3 + 8*n - 8. Let s = 197 - 196. What are the prime factors of z(s)?
2, 3, 109
Let k = 15342 + -10224. List the prime factors of k.
2, 3, 853
Let w = 28 + 0. Suppose -4*s + 4*v = -w, -v = -3 - 0. Let m = s + 14. List the prime factors of m.
2, 3
Let v = 331 + -231. Suppose -2*r + 340 = 2*i - v, 5*i + 1120 = 5*r. List the prime factors of r.
2, 3, 37
Suppose 3*q - 44188 = -y + 9159, -3*y + 12 = 0. What are the prime factors of q?
3, 5927
Suppose 5*b - 10 = -3*h + 6, 0 = -2*b - 2*h + 4. Let z = 7 - 7. Suppose z = 3*y - b*y + 36. What are the prime factors of y?
2, 3
Suppose -d = -q + 5502, -2*d + 3472 = q - 2045. List the prime factors of q.
5507
Let j be -10*7/((-98)/(-7)). Let w(v) = 8*v**2 + 4*v + 9. List the prime factors of w(j).
3, 7
Let t(v) be the third derivative of 11*v**5/30 - v**4/8 + 8*v**3/3 - 31*v**2. List the prime factors of t(3).
5, 41
Suppose j - 5 = 3*n, 2*n = -3*n - 2*j - 1. List the prime factors of 1/((-2)/858*n).
3, 11, 13
List the prime factors of 20 + 3432 - 1/(-3)*-4*-3.
2, 3
Suppose 6*y + 141 = -171. Let h = y - -55. List the prime factors of 31 - (-3 - (h - (2 + 3))).
2
Let u = 178 + -162. What are the prime factors of u/6*(-8730)/(-60)?
2, 97
Suppose 5*t - 7*t 